**2 + 8*z. Give k(-6).
-16
Let n(x) = -x**2 + 10*x - 7. Let k(p) = 4*p**2 - 29*p + 21. Let v(h) = -2*k(h) - 7*n(h). Let m be v(-13). Let l(c) = -c**3 - 6*c**2 + c - 1. What is l(m)?
-7
Let j(c) = -c + 2. Suppose 4*b - 8 - 8 = 0. Suppose 5*i - b - 6 = 0. Suppose u - 3*f + 2 = 0, -4 = i*u - 0*u + f. Give j(u).
4
Let h(i) = -i**2 - 7*i + 6. Let x(q) = -q**2 - 9*q - 13. Let y be x(-6). Suppose 3*p + y*p = -48. Give h(p).
12
Let h(u) = u**3 - u**2 - 3. Let p be (42/(-4))/((-1)/(-2)). Let y = p - -27. Let s(a) = -a**2 + 5*a + 6. Let o be s(y). Calculate h(o).
-3
Let o(c) = 5*c**2 - 3*c + 6 - c**3 + 0*c**3 + 0*c**3. Let g be (6 - 112/52) + 6/39. Determine o(g).
10
Let c(n) be the second derivative of -n**4/12 + 5*n**3/6 - n**2 - n. Let i = 108 + -128. Let j be 18/(-6)*i/15. Determine c(j).
2
Let n(v) = -v + 19. Let d be n(14). Suppose 3*y + 23 = d*w, -2*y - 20 = -4*w - 2. Let l(p) = w*p + 3*p**2 - 8 + 0*p**3 - 4*p**2 + 5 - p**3. Determine l(2).
-7
Let q(m) = 12*m + 3. Let x(r) = -21*r + 1. Let h(i) = q(i) + 2*x(i). Calculate h(2).
-55
Suppose -9*o - 63 = -18*o. Let k be ((-14)/4)/(o/(-14)). Let w(n) = n**3 - 7*n**2 + 2*n - 8. What is w(k)?
6
Let k(t) be the second derivative of t**3/6 + 3*t**2/2 + 2*t - 363. Determine k(4).
7
Let p(x) be the second derivative of x**5/20 + x**4/2 + x**3/6 + x**2 - 2*x - 51. Calculate p(-5).
22
Suppose -15 = -g - 3*z, z + z - 10 = -2*g. Suppose g = -3*v + 3 + 15. Let j(k) = 2*k + 4. What is j(v)?
16
Let v(c) = 2*c**3 + 18*c**2 - 20*c - 2. Let f(k) = -5*k**3 - 35*k**2 + 40*k + 2. Let o(r) = 3*f(r) + 7*v(r). Give o(20).
-8
Let l(n) = n**2 - 130 + 45 + 37 + 53. Give l(0).
5
Suppose 0*h - 56 = -2*h. Let d = h - 32. Let a(p) = -p**2 - 4*p + 3. Determine a(d).
3
Let h = 2128 + -2117. Let g(l) = -l**3 + 9*l**2 + 23*l - 14. What is g(h)?
-3
Let u = 26 - 12. Let f be -3 - 12/(-8)*u. Let s(d) = -6*d**2 + 0*d + f*d**2 - 11*d**2 + 1 + 3*d. Give s(-4).
5
Suppose 0 = -4*m - 3*t - 15, 0 = -5*m - 5*t - 21 - 4. Let z(w) = 2*w**2 + 3*w - 4. Let j(b) = -b**2 - b - 1. Let n(o) = -3*j(o) - z(o). Give n(m).
7
Let d(i) = 3*i**3 + 10*i**2 + i - 4. Let n be d(-3). Let r(b) = b**3 - 2*b**2. What is r(n)?
0
Let b(i) = -i**3 + 12*i**2 - 10*i + 7. Suppose 11*v = -364 + 485. Give b(v).
18
Let k(x) = x**3 - 9*x**2 - 11*x + 8. Suppose 30 = -248*i + 251*i. What is k(i)?
-2
Let p(f) = -f + 2. Let l(g) = -3*g**2 - 38*g + 23. Let n be l(-13). Calculate p(n).
-8
Let o = -40 + 42. Let l(j) = 6*j**o + 5 + 5 - 1 - j**3 - 5*j + 2*j. Determine l(6).
-9
Let q = 1 + -1. Let j(m) be the first derivative of 38 - 1/2*m**2 - 1/4*m**4 + m - 1/3*m**3. Determine j(q).
1
Suppose 9*n + 55 = 4*n. Let i = n + 15. Suppose p - 20 = -5*d, d + i*p - 16 = 7. Let r(k) = -k**2 + 2*k - 1. Give r(d).
-4
Let a(m) = -m**2 - 4*m + 6. Suppose -10*p + 6*p = -12. Let z be 9/p*(-2 + 7). Suppose -2*l = 3*y + z, -5*l = 2*y + y + 15. Calculate a(y).
1
Let s = -4486 + 4484. Let t(n) be the first derivative of n**2 + 1/4*n**4 + 2/3*n**3 - n + 1. Calculate t(s).
-5
Let h = 2 - -2. Let u be -4*4/(-8) + 1. Let j(n) = 7 + 2*n - u - 4*n**2 + 3*n**2. What is j(h)?
-4
Let p(t) = 4*t + 4. Let x(m) = -m - 1. Let v(a) = -p(a) - 3*x(a). Let u = -4785 - -4786. Calculate v(u).
-2
Suppose -30 = -2*t + 5*q - 9*q, 2*q + 27 = 5*t. Let d(o) = o**3 - 8*o**2 + 2*o - 7. Calculate d(t).
-42
Let o(n) = 6*n**2 + 8*n - 8. Let c(p) = 17*p**2 + 22*p - 23. Let x(z) = 4*c(z) - 11*o(z). Suppose 16 = -5*l - s - 0*s, 4*l + 11 = s. Give x(l).
14
Let c(k) be the third derivative of 1/6*k**3 - 5*k**2 - 1/60*k**5 + 0*k - 1/120*k**6 - 1/24*k**4 + 0. Give c(1).
-2
Let s(j) = j**2 - 7*j. Let v be s(7). Suppose x + v*x = 3*i, x = 2*i. Let w(t) = -t**3 - t**2 + t + 9. What is w(x)?
9
Let t be ((-152)/(-57))/((-3)/((-36)/8)). Let m(h) = h**2 - 6*h + 12. Determine m(t).
4
Let z(h) = 3 - 752*h + 759*h - 8. Let u(g) = -3*g + 2. Let d be 8/(-3) + 2/3. Let n(j) = d*z(j) - 5*u(j). Calculate n(2).
2
Let s(d) = -2*d**2 - 10*d + 63. Let z be s(4). Let x(o) = -o**3 - 8*o**2 + 8*o - 3. Give x(z).
6
Let r(w) be the first derivative of -13*w**3/3 - 3. Calculate r(1).
-13
Let q = 279 + -276. Let o(c) = -c - 1. Determine o(q).
-4
Suppose -l = -14 - 14. Let w = l - 27. Let s(f) = -13*f - 1. Let g(a) = -a - 1. Let k(q) = w*s(q) - 2*g(q). Calculate k(1).
-10
Let d(r) = 19 + 119*r + 125*r - 366*r + 124*r. What is d(-8)?
3
Let s(g) be the third derivative of -7*g**4/24 - 19*g**3/6 + 543*g**2. Determine s(-4).
9
Let r(g) be the second derivative of g**3/2 + 13*g**2 + g + 23. What is r(-6)?
8
Let o(m) be the third derivative of -m**5/30 - 5*m**4/24 - m**3/2 - 57*m**2. Give o(-3).
-6
Suppose -5*y + 18 - 53 = 0. Let r(c) be the first derivative of -16 + 5/2*c**2 + 1/3*c**3 - 10*c. What is r(y)?
4
Let z = 672 - 667. Let y(f) = -9*f - 1. What is y(z)?
-46
Suppose 6 = u + u. Let v(t) = 8*t**2 - 1 - u*t**2 - 2*t**2 + t**3 + t - 2*t**2. Let q(g) = -5*g**3 - 7*g**2 - 7*g + 13. Let r(l) = -q(l) - 6*v(l). What is r(0)?
-7
Let l(m) = -4*m - 8*m**2 + 8 + 2*m - 3*m - 9 + 4*m. Suppose 0 = -2*j - 2. Give l(j).
-8
Let d(u) be the second derivative of u**4/6 - 17*u**3/6 - 9*u**2/2 - 93*u + 1. Calculate d(9).
0
Let b(c) be the second derivative of c**6/20 - c**3/6 - c**2/2 + 3*c. Let g(f) be the first derivative of b(f). Calculate g(1).
5
Suppose -700 = -270*j + 95*j. Let w(a) = -3*a + a**2 + 3 - 3. Calculate w(j).
4
Let i be (-1576)/20 - (18/15 - 1). Let n = i + 87. Let c(l) = -l + 10. Give c(n).
2
Let k(h) = 7*h**3 + 5*h**2 - 4*h - 9. Let b(w) = 9*w**3 + 5*w**2 - 5*w - 10. Suppose 0 = 4*z + 56 - 44. Let v(d) = z*b(d) + 4*k(d). Give v(-5).
-1
Let u = -19 + 27. Suppose 0 = 6*z - u*z - 120. Let f be (2/(-4))/((-5)/z). Let y(w) = -w**2 - 5*w - 2. Determine y(f).
-8
Let i(j) = -j**2 - 3*j + 2. Let s(y) = -y**2 - 3*y + 2. Let d(n) = 6*i(n) - 7*s(n). Suppose 0 = 3*c - 0 + 9. Calculate d(c).
-2
Let g(a) = -6*a**2 + 2*a**2 - 7*a**2. Determine g(-1).
-11
Let h be (-168)/(-90) + (-4)/(-30). Let o(l) = l - 5. Calculate o(h).
-3
Let h(j) = -4*j**3 + 2 + 4 + 5*j**3. Let w be h(0). Let d(v) = -3*v - 7. Let i(g) = 4*g + 7. Let b(z) = 6*d(z) + 5*i(z). Give b(w).
5
Let x(g) = g**3 + 7*g**2 + 5*g - 2. Let j be x(-6). Suppose 11*z - 9*z - j = 0. Let s(m) = -7 - 3*m + 4*m**z + 3*m - 3*m**2 + 4*m. Give s(-5).
-2
Let d(g) = -8*g**2 + g + 1. Let a be d(2). Let i = a - -36. Let x(w) = 2*w - 2*w - 8*w + i*w. Calculate x(1).
-1
Suppose 19 = -2*o + 3*m, o + 4 = 88*m - 92*m. Let w(k) be the second derivative of k**4/12 + 3*k**3/2 - k. Calculate w(o).
-8
Let c(r) = -r**2 + 2*r + 1. Let y(a) = -a**3 - 8*a**2 + 8*a - 2. Let k(j) = -3*c(j) + y(j). Let u be (-8)/(-3)*(-12)/8. Let n be (-4)/(-1)*5/u. Calculate k(n).
-15
Let t = -2 - -3. Let y = t + 0. Let a(w) = -4*w**3 + w**2 - w + 4. Let l(g) = -5*g**3 + g**2 - g + 6. Let q(z) = 3*a(z) - 2*l(z). Calculate q(y).
-2
Let l(a) = -3*a**2 + a + 2. Let f(u) be the third derivative of -u**4/24 + 2*u**3 + 32*u**2. Let x be f(9). Determine l(x).
-22
Let z be (2 - (-14)/(-6))/(12/(-72)). Let v(j) be the second derivative of -1/12*j**4 + 0*j**z + 3*j + 1/2*j**3 + 0. Give v(3).
0
Suppose 57 = -16*s - 7. Let r(b) = b**3 + 6*b**2 + 9*b + 2. Determine r(s).
-2
Let c(t) = -t**2 - 3*t + 1. Let z = 3 - -6. Suppose 13*k + 16 = z*k. Calculate c(k).
-3
Let j(z) be the second derivative of -z**4/12 - 4*z**3/3 - 11*z**2/2 + z + 61. Determine j(-7).
-4
Suppose -2*y = -4 + 12. Let o(b) be the third derivative of b**5/120 - b**4/6 - 7*b**3/6 + 72*b**2. Let w(k) be the first derivative of o(k). Calculate w(y).
-8
Suppose 6*r = r + 10. Suppose 0 = -2*l + m + 1 + 2, 0 = -r*l - m + 13. Let q(c) = 1 - l*c**3 + 3*c**2 + 3*c**3 + 0*c**2. Give q(3).
1
Let q(u) = 46 + 65 + 69 + 3*u - 172. Calculate q(-15).
-37
Let l(m) = m**2 + 1. Suppose -3*o = v + 15, v = 5*o - 0*o + 25. What is l(v)?
1
Let g(o) be the third derivative of o**4/24 + 8*o**3/3 - 2*o**2. Suppose 4 = -2*x, -5*r + 22 - 73 = 3*x. Give g(r).
7
Let u(v) = 1 + 0*v - v - 2*v. Suppose 2*p - 6*p - y - 17 = 0, -3 = 3*p + 4*y. Calculate u(p).
16
Let c(j) = 6*j - 1. Let s be 3/6 + ((-369)/(-6))/3. Suppose 2*v = -4*u - 14, -8*v + 3*v + 4*u = -s. What is c(v)?
5
Suppose -91*o + 90*o = -7. Let w(y) = y**2 - 13*y - 7. Determine w(o).
-49
Suppose 21 = -10*z + 41. Suppose -3*k + k + 38 = 0. Let f(l) = 3*l**2 - l**3 + z + k*l - 21*l - 3. 